in base 6?
-45130
47753 (base 8) to base 2
100111111101011
808 (base 9) to base 3
220022
1011010110101110 (base 2) to base 10
46510
Convert -23 (base 8) to base 4.
-103
Convert 65b (base 14) to base 10.
1257
Convert 11111000 (base 2) to base 13.
161
3152 (base 10) to base 3
11022202
What is -125566 (base 8) in base 12?
-2149a
Convert 2826 (base 11) to base 3.
12000111
What is 10312033 (base 4) in base 8?
46617
What is 2364 (base 7) in base 14?
46b
Convert 3b8 (base 14) to base 16.
2ee
-1300 (base 8) to base 15
-31e
Convert 356 (base 7) to base 9.
228
-105a (base 11) to base 7
-4033
What is 23d (base 16) in base 7?
1446
What is -1a1b (base 14) in base 8?
-11171
What is 1b255 (base 12) in base 5?
2240342
-144130 (base 9) to base 12
-43139
What is 5ac (base 15) in base 7?
3516
Convert 48 (base 14) to base 3.
2101
Convert -314 (base 12) to base 13.
-286
Convert -326 (base 12) to base 8.
-716
-11917 (base 10) to base 9
-17311
2050 (base 6) to base 13
297
What is -400 (base 14) in base 4?
-30100
Convert 65346 (base 8) to base 16.
6ae6
What is -174 (base 8) in base 11?
-103
What is 22201 (base 3) in base 10?
235
-424 (base 10) to base 15
-1d4
77576 (base 9) to base 15
103d9
What is a071 (base 11) in base 12?
78b8
Convert 3cc (base 14) to base 6.
3320
What is 540 (base 8) in base 2?
101100000
211212 (base 3) to base 9
755
9b18 (base 12) to base 14
6376
267 (base 8) to base 16
b7
30324 (base 6) to base 15
12c7
What is 210121102 (base 3) in base 16?
3d88
What is 3132 (base 9) in base 10?
2297
Convert 3697 (base 10) to base 3.
12001221
What is -10232 (base 5) in base 8?
-1264
-1210110022 (base 3) to base 15
-a6ee
-1114233 (base 5) to base 10
-19943
What is 445 (base 11) in base 6?
2245
Convert 11457 (base 10) to base 8.
26301
5877 (base 16) to base 12
11133
What is -188 (base 11) in base 16?
-d9
Convert -244142 (base 5) to base 10.
-9297
Convert 41412 (base 8) to base 11.
11992
What is 2610 (base 14) in base 6?
50530
What is aa5 (base 15) in base 3?
10022002
What is 1ac1 (base 13) in base 3?
12112210
What is 16279 (base 10) in base 3?
211022221
What is -2442100 (base 5) in base 9?
-70734
Convert -49 (base 16) to base 14.
-53
Convert 34231 (base 7) to base 6.
104131
Convert 28c (base 14) to base 2.
1000000100
-1001043 (base 5) to base 8
-36635
Convert -675 (base 13) to base 10.
-1110
221110110 (base 3) to base 12
a8a9
3611 (base 11) to base 15
1606
What is 177 (base 12) in base 7?
454
What is -10330 (base 5) in base 2?
-1011001011
What is -10000210 (base 3) in base 14?
-b3a
What is -3954 (base 15) in base 11?
-9208
What is -100100100001000 (base 2) in base 8?
-44410
What is 19ab (base 16) in base 7?
25105
What is -3639 (base 12) in base 8?
-13715
Convert 95 (base 14) to base 11.
10a
-1cbc (base 16) to base 12
-4310
What is 158 (base 14) in base 2?
100010010
What is 100101111 (base 2) in base 7?
612
What is 2195a (base 12) in base 9?
67117
Convert -21071 (base 13) to base 4.
-32200103
Convert 4034 (base 6) to base 11.
736
What is 969e (base 16) in base 3?
1221220002
What is f9 (base 16) in base 13?
162
-113553 (base 7) to base 12
-ba60
What is 14a3 (base 15) in base 9?
6060
Convert 16ae (base 15) to base 3.
20201002
-24424 (base 11) to base 8
-104454
What is -1013330 (base 4) in base 15?
-156e
Convert -d620 (base 14) to base 4.
-21000030
20012 (base 6) to base 7
10403
What is 5347 (base 10) in base 14?
1d3d
393 (base 12) to base 3
202010
1434 (base 7) to base 13
345
What is -1670 (base 16) in base 4?
-1121300
-103412 (base 5) to base 9
-4847
-21212 (base 3) to base 6
-552
What is -296 (base 14) in base 4?
-20030
Convert 5385 (base 13) to base 6.
125413
What is -32203 (base 5) in base 4?
-202002
What is -15411 (base 6) in base 12?
-1567
Convert 8373 (base 12) to base 11.
a85a
Convert 233a (base 12) to base 2.
111101011110
Convert 6a (base 13) to base 15.
5d
What is 11d4 (base 16) in base 15?
1544
What is 264 (base 9) in base 7?
433
Convert 419 (base 15) to base 6.
4140
Convert -101110011 (base 2) to base 12.
-26b
What is -931 (base 15) in base 11?
-1613
Convert 1a114 (base 12) to base 11.
26756
What is -13540 (base 10) in base 13?
-6217
2437 (base 8) to base 14
699
13033123 (base 4) to base 6
345151
What is -24502 (base 7) in base 8?
-14425
7db6 (base 14) to base 10
21916
What is -100111000111111 (base 2) in base 6?
-232423
-3c9 (base 15) to base 5
-11424
Convert -1466 (base 13) to base 7.
-11423
What is -575 (base 9) in base 3?
-122112
-727 (base 9) to base 12
-414
-b9b (base 12) to base 6
-11515
Convert -53721 (base 10) to base 11.
-373a8
What is 21422 (base 5) in base 8?
2717
Convert -36 (base 13) to base 11.
-41
What is -37771 (base 8) in base 3?
-211110120
What is 16244 (base 8) in base 13?
3450
What is 1402 (base 6) in base 3?
111102
What is -558 (base 10) in base 15?
-273
Convert 13160 (base 8) to base 9.
7782
Convert 1341 (base 9) to base 12.
701
Convert -467b (base 14) to base 10.
-12261
Convert 371a (base 11) to base 3.
20200001
Convert -4d5 (base 16) to base 12.
-871
-2041 (base 6) to base 2
-111001001
What is 3312123 (base 5) in base 10?
57163
1515 (base 14) to base 15
1198
What is 11112 (base 4) in base 11?
291
What is 149 (base 16) in base 13?
1c4
-1823 (base 10) to base 13
-aa3
Convert 22210210 (base 3) to base 6.
45420
-20312 (base 5) to base 6
-10100
-1542 (base 6) to base 16
-1a6
Convert 40303 (base 5) to base 9.
3474
-5242 (base 6) to base 9
-1548
What is 146 (base 13) in base 12?
16b
-339 (base 12) to base 13
-2a9
What is 2313 (base 5) in base 6?
1313
Convert 11320222 (base 4) to base 9.
36054
-14041 (base 5) to base 16
-47a
-17b (base 16) to base 2
-101111011
Convert -1a8a (base 15) to base 4.
-1121323
Convert 214 (base 16) to base 2.
1000010100
Convert -9378 (base 10) to base 12.
-5516
-30334 (base 5) to base 10
-1969
-10111 (base 7) to base 16
-99a
What is 1201 (base 6) in base 9?
351
What is 3aa (base 12) in base 4?
20302
Convert 1884 (base 9) to base 5.
21303
528 (base 10) to base 14
29a
-198 (base 15) to base 8
-560
What is 13c (base 13) in base 5?
1340
Convert cd (base 15) to base 13.
11b
43634 (base 8) to base 10
18332
4103 (base 10) to base 6
30555
What is 111401 (base 5) in base 6?
30224
63 (base 9) to base 15
3c
Convert 1744 (base 13) to base 12.
1ba4
-3357 (base 9) to base 12
-152a
2303 (base 6) to base 2
1000011111
12105 (base 9) to base 5
224410
What is 2330023 (base 4) in base 12?
6b77
Convert -1bc (base 15) to base 6.
-1510
-81b3 (base 13) to base 14
-673d
Convert -111100101111 (base 2) to base 5.
-111022
Convert 1010011011 (base 2) to base 5.
10132
What is 52 (base 13) in base 4?
1003
Convert 222310 (base 5) to base 6.
100130
161d (base 14) to base 6
30135
-423 (base 12) to base 5
-4403
What is 6 (base 13) in base 15?
6
Convert 5854 (base 13) to base 14.
4742
-110311 (base 4) to base 3
-1211101
350 (base 13) to base 7
1445
Convert -3412 (base 15) to base 13.
-5045
-2133203 (base 4) to base 7
-41525
Convert 787 (base 10) to base 2.
1100010011
Convert -5182 (base 11) to base 4.
-1223102
What is 11005 (base 6) in base 4?
113231
63a (base 15) to base 12
991
-69 (base 14) to base 5
-333
-121111 (base 3) to base 11
-375
What is -424442 (base 5) in base 2?
-11100000100100
What is -4c4 (base 16) in base 3?
-1200012
Convert 661 (base 7) to base 2.
101010001
What is -765 (base 13) in base 2?
-10011110010
Convert -111044 (base 5) to base 6.
-30015
Convert -2725 (base 8) to base 11.
-1138
What is -91b (base 15) in base 12?
-122b
Convert -10000101000 (base 2) to base 7.
-3050
163260 (base 8) to base 13
20b5a
What is 102302 (base 5) in base 12?
1bb8
11615 (base 8) to base 15
173a
-105a1 (base 12) to base 13
-9a8a
-100010001111 (base 2) to base 5
-32231
Convert 11100011011100 (base 2) to base 16.
38dc
Convert 673 (base 11) to base 14.
418
10001012 (base 4) to base 10
16454
What is 313004 (base 5) in base 8?
24213
Convert c23d (base 15) to base 5.
2303013
-41433 (base 5) to base 4
-222313
What is -376 (base 11) in base 3?
-121112
Convert 1779 (base 10) to base 15.
7d9
Convert ec50 (base 15) to base 5.
3100100
What is 10010121 (base 3) in base 10?
2284
What is e0 (base 15) in base 6?
550
What is 100110001111 (base 2) in base 15?
ad2
What is -622 (base 16) in base 3?
-2011011
What is -202022101 (base 3) in base 16?
-39d6
Convert -450